culate the remainder when 9657 is divided by 16.
9
Calculate the remainder when 671 is divided by 112.
111
Calculate the remainder when 442 is divided by 37.
35
Calculate the remainder when 600 is divided by 47.
36
What is the remainder when 1016 is divided by 69?
50
What is the remainder when 271 is divided by 55?
51
What is the remainder when 2074 is divided by 33?
28
Calculate the remainder when 1765 is divided by 34.
31
Calculate the remainder when 650 is divided by 131.
126
Calculate the remainder when 143 is divided by 49.
45
What is the remainder when 487 is divided by 33?
25
What is the remainder when 34 is divided by 6?
4
What is the remainder when 1153 is divided by 21?
19
What is the remainder when 98 is divided by 52?
46
What is the remainder when 160 is divided by 82?
78
Calculate the remainder when 1042 is divided by 55.
52
What is the remainder when 167 is divided by 68?
31
Calculate the remainder when 19666 is divided by 33.
31
What is the remainder when 347 is divided by 188?
159
Calculate the remainder when 16058 is divided by 365.
363
What is the remainder when 348 is divided by 13?
10
Calculate the remainder when 2328 is divided by 63.
60
What is the remainder when 23272 is divided by 133?
130
What is the remainder when 29 is divided by 16?
13
What is the remainder when 273 is divided by 62?
25
What is the remainder when 485 is divided by 29?
21
Calculate the remainder when 2351 is divided by 56.
55
Calculate the remainder when 48 is divided by 17.
14
Calculate the remainder when 1914 is divided by 137.
133
Calculate the remainder when 806 is divided by 48.
38
Calculate the remainder when 1846 is divided by 7.
5
What is the remainder when 384 is divided by 122?
18
What is the remainder when 136 is divided by 14?
10
Calculate the remainder when 240 is divided by 77.
9
Calculate the remainder when 6133 is divided by 15.
13
What is the remainder when 2985 is divided by 20?
5
Calculate the remainder when 6051 is divided by 1510.
11
What is the remainder when 1017 is divided by 484?
49
Calculate the remainder when 2090 is divided by 24.
2
Calculate the remainder when 3090 is divided by 27.
12
Calculate the remainder when 268 is divided by 8.
4
What is the remainder when 130 is divided by 17?
11
Calculate the remainder when 1162 is divided by 5.
2
What is the remainder when 886 is divided by 253?
127
What is the remainder when 191 is divided by 21?
2
What is the remainder when 347 is divided by 27?
23
What is the remainder when 171 is divided by 86?
85
What is the remainder when 208 is divided by 61?
25
What is the remainder when 127 is divided by 72?
55
Calculate the remainder when 1018 is divided by 116.
90
What is the remainder when 3504 is divided by 167?
164
What is the remainder when 82 is divided by 24?
10
What is the remainder when 131 is divided by 31?
7
What is the remainder when 262 is divided by 24?
22
Calculate the remainder when 58 is divided by 15.
13
Calculate the remainder when 20 is divided by 14.
6
Calculate the remainder when 336 is divided by 107.
15
What is the remainder when 1023 is divided by 27?
24
What is the remainder when 529 is divided by 68?
53
Calculate the remainder when 40 is divided by 16.
8
Calculate the remainder when 207 is divided by 63.
18
What is the remainder when 586 is divided by 98?
96
What is the remainder when 972 is divided by 65?
62
Calculate the remainder when 718 is divided by 15.
13
What is the remainder when 1885 is divided by 118?
115
Calculate the remainder when 15327 is divided by 73.
70
What is the remainder when 267 is divided by 72?
51
Calculate the remainder when 275 is divided by 23.
22
Calculate the remainder when 583 is divided by 269.
45
What is the remainder when 86 is divided by 3?
2
What is the remainder when 196 is divided by 11?
9
What is the remainder when 229 is divided by 35?
19
Calculate the remainder when 167 is divided by 58.
51
Calculate the remainder when 589 is divided by 99.
94
What is the remainder when 205 is divided by 38?
15
What is the remainder when 645 is divided by 131?
121
What is the remainder when 178 is divided by 67?
44
What is the remainder when 1238 is divided by 405?
23
Calculate the remainder when 322 is divided by 83.
73
What is the remainder when 349 is divided by 70?
69
What is the remainder when 115 is divided by 37?
4
Calculate the remainder when 655 is divided by 73.
71
What is the remainder when 640 is divided by 28?
24
What is the remainder when 437 is divided by 50?
37
What is the remainder when 498 is divided by 50?
48
What is the remainder when 68 is divided by 23?
22
Calculate the remainder when 421 is divided by 141.
139
What is the remainder when 1534 is divided by 81?
76
What is the remainder when 11164 is divided by 55?
54
What is the remainder when 323 is divided by 54?
53
What is the remainder when 325 is divided by 33?
28
What is the remainder when 89 is divided by 1?
0
What is the remainder when 2493 is divided by 48?
45
Calculate the remainder when 837 is divided by 144.
117
What is the remainder when 287 is divided by 35?
7
Calculate the remainder when 669 is divided by 21.
18
What is the remainder when 3588 is divided by 171?
168
What is the remainder when 102 is divided by 32?
6
Calculate the remainder when 54 is divided by 12.
6
What is the remainder when 231 is divided by 117?
114
Calculate the remainder when 170 is divided by 98.
72
Calculate the remainder when 879 is divided by 14.
11
Calculate the remainder when 300 is divided by 103.
94
Calculate the remainder when 1993 is divided by 57.
55
Calculate the remainder when 217 is divided by 16.
9
Calculate the remainder when 17000 is divided by 26.
22
Calculate the remainder when 25 is divided by 11.
3
What is the remainder when 185 is divided by 45?
5
What is the remainder when 119 is divided by 25?
19
Calculate the remainder when 1678 is divided by 130.
118
What is the remainder when 299 is divided by 38?
33
Calculate the remainder when 6030 is divided by 13.
11
What is the remainder when 107 is divided by 18?
17
What is the remainder when 6364 is divided by 2117?
13
Calculate the remainder when 1012 is divided by 259.
235
Calculate the remainder when 37 is divided by 11.
4
Calculate the remainder when 4965 is divided by 1239.
9
Calculate the remainder when 1716 is divided by 20.
16
What is the remainder when 7342 is divided by 113?
110
What is the remainder when 2599 is divided by 52?
51
Calculate the remainder when 25 is divided by 16.
9
Calculate the remainder when 19577 is divided by 178.
175
What is the remainder when 994 is divided by 92?
74
What is the remainder when 322 is divided by 28?
14
What is the remainder when 249 is divided by 50?
49
What is the remainder when 410 is divided by 22?
14
Calculate the remainder when 70 is divided by 57.
13
Calculate the remainder when 250 is divided by 36.
34
Calculate the remainder when 1643 is divided by 27.
23
Calculate the remainder when 566 is divided by 110.
16
What is the remainder when 100 is divided by 21?
16
Calculate the remainder when 1136 is divided by 12.
8
Calculate the remainder when 679 is divided by 85.
84
Calculate the remainder when 97 is divided by 24.
1
What is the remainder when 9649 is divided by 254?
251
Calculate the remainder when 713 is divided by 17.
16
What is the remainder when 64 is divided by 51?
13
Calculate the remainder when 1290 is divided by 44.
14
Calculate the remainder when 367 is divided by 40.
7
What is the remainder when 29806 is divided by 276?
274
What is the remainder when 1324 is divided by 656?
12
Calculate the remainder when 248 is divided by 85.
78
Calculate the remainder when 733 is divided by 362.
9
Calculate the remainder when 91 is divided by 32.
27
What is the remainder when 385 is divided by 127?
4
Calculate the remainder when 953 is divided by 944.
9
Calculate the remainder when 36 is divided by 19.
17
What is the remainder when 806 is divided by 50?
6
What is the remainder when 381 is divided by 65?
56
Calculate the remainder when 256 is divided by 20.
16
Calculate the remainder when 289 is divided by 29.
28
What is the remainder when 646 is divided by 42?
16
What is the remainder when 889 is divided by 73?
13
What is the remainder when 815 is divide